mon factor of 1809002 and 5091?
1697
Calculate the highest common divisor of 91937 and 2403.
89
Calculate the highest common factor of 118748 and 356.
4
What is the highest common divisor of 13146686 and 2996?
14
Calculate the highest common divisor of 7510314 and 42.
42
Calculate the highest common factor of 2408 and 42690529.
301
What is the highest common factor of 970397 and 85073?
353
What is the greatest common factor of 2594070 and 2071?
19
What is the highest common factor of 331107 and 10563?
21
Calculate the greatest common factor of 4487730 and 5330.
130
What is the highest common divisor of 14939706 and 806?
62
Calculate the greatest common factor of 43263 and 6688.
209
Calculate the greatest common factor of 14376736 and 8883.
47
What is the greatest common factor of 536 and 2619164?
268
What is the greatest common divisor of 7530124 and 1236?
412
What is the highest common factor of 588 and 24243975?
147
What is the highest common divisor of 2288 and 1331408?
208
What is the greatest common factor of 2744 and 466921?
49
What is the highest common factor of 25467559 and 208?
13
What is the highest common divisor of 968240 and 18772?
988
What is the greatest common divisor of 16237707 and 186?
93
What is the highest common factor of 1772 and 49618658?
886
What is the greatest common factor of 49610 and 194750?
410
Calculate the highest common divisor of 60 and 118801734.
6
What is the highest common divisor of 1195 and 27256277?
239
Calculate the highest common divisor of 12810 and 160578840.
1830
Calculate the highest common divisor of 21853 and 960999.
533
Calculate the greatest common divisor of 602112 and 23352.
168
What is the highest common divisor of 10816837 and 57779?
3041
Calculate the highest common divisor of 797197 and 3934.
281
Calculate the highest common factor of 650546 and 1469.
13
Calculate the highest common divisor of 1792 and 1642592.
224
Calculate the greatest common factor of 9689541 and 26708.
607
What is the highest common divisor of 7278255 and 324?
81
What is the greatest common factor of 513680 and 3656?
8
What is the highest common divisor of 4098290 and 113406?
922
What is the greatest common factor of 4932445 and 7049?
371
Calculate the greatest common divisor of 2559895 and 260.
65
What is the highest common divisor of 75894 and 1321866?
546
Calculate the greatest common factor of 3390410 and 14734.
106
What is the highest common divisor of 5529601 and 539?
539
What is the greatest common divisor of 10 and 123012815?
5
Calculate the greatest common factor of 318925592 and 424.
424
Calculate the greatest common factor of 6827642 and 9384.
782
Calculate the greatest common divisor of 42222780 and 2.
2
What is the highest common divisor of 215 and 131945285?
215
What is the greatest common factor of 3304 and 242727416?
472
Calculate the greatest common divisor of 276193 and 856397.
1987
Calculate the greatest common divisor of 716 and 330821893.
179
Calculate the highest common factor of 10173 and 22395.
3
What is the greatest common factor of 86936913 and 86317?
7847
Calculate the greatest common divisor of 75207 and 40071657.
6837
What is the greatest common divisor of 5266968 and 51681?
2247
What is the greatest common factor of 110 and 45676565?
55
What is the highest common divisor of 1027917 and 10989?
297
What is the highest common factor of 214 and 731911351?
107
Calculate the highest common divisor of 647880156 and 441.
441
Calculate the highest common factor of 121881816 and 1351.
1351
What is the greatest common divisor of 47 and 33626479?
47
What is the greatest common divisor of 30501758 and 896?
14
What is the greatest common divisor of 7586 and 11375207?
3793
What is the greatest common factor of 66971586 and 138?
6
What is the highest common divisor of 88890816 and 944?
944
What is the highest common factor of 65675 and 1861100?
925
Calculate the greatest common divisor of 4631 and 1062604.
421
What is the highest common divisor of 138 and 65366253?
69
What is the highest common factor of 44491032 and 2592?
648
Calculate the greatest common factor of 92 and 4902404.
92
What is the greatest common divisor of 6361976 and 20225?
809
Calculate the highest common divisor of 152950 and 4204130.
1330
Calculate the greatest common divisor of 2925 and 501529275.
2925
Calculate the highest common divisor of 4428 and 1435.
41
What is the highest common factor of 71904 and 770721?
2247
Calculate the greatest common divisor of 2573205 and 12750.
255
Calculate the highest common factor of 40454 and 58.
2
What is the highest common divisor of 8374 and 3127?
53
What is the greatest common divisor of 181779 and 2372331?
2301
Calculate the greatest common divisor of 5176 and 5497559.
647
What is the highest common divisor of 41088 and 3151578?
642
What is the highest common factor of 1952960 and 30?
10
What is the greatest common divisor of 11556 and 19254008?
428
Calculate the greatest common factor of 481 and 6841411.
37
What is the greatest common divisor of 904842419 and 4498?
2249
What is the greatest common divisor of 77398680 and 465?
15
What is the highest common divisor of 69227300 and 40?
20
Calculate the greatest common factor of 3176 and 248340968.
3176
Calculate the highest common factor of 2845 and 10368887.
569
What is the highest common factor of 72356816 and 448?
112
What is the greatest common factor of 3629 and 838337?
19
What is the highest common divisor of 6521110 and 4690?
670
What is the highest common divisor of 210244868 and 436?
436
Calculate the highest common factor of 47 and 86054180.
47
What is the greatest common divisor of 13468 and 973700?
364
Calculate the greatest common divisor of 7892120 and 32.
8
What is the highest common factor of 1996003 and 445?
89
What is the highest common divisor of 666 and 523224?
18
What is the highest common factor of 1734 and 2962?
2
Calculate the greatest common divisor of 48654 and 8128822.
1802
Calculate the highest common factor of 73984 and 7987960.
2312
What is the greatest common divisor of 1210 and 30372210?
1210
Calculate the highest common factor of 164 and 17695723.
41
What is the greatest common divisor of 339390 and 768?
6
What is the highest common factor of 3198 and 8328822?
246
What is the highest common divisor of 12874 and 87330?
82
Calculate the highest common factor of 8 and 98056840.
8
What is the highest common divisor of 35 and 180588935?
5
What is the greatest common divisor of 73663 and 94221?
19
Calculate the highest common divisor of 377 and 531541.
29
Calculate the highest common factor of 69592 and 2296.
8
What is the highest common divisor of 756 and 1658181?
21
What is the greatest common factor of 73 and 14365524?
73
What is the greatest common factor of 213071 and 47499?
71
What is the greatest common factor of 30 and 241212540?
30
What is the highest common factor of 32836123 and 171?
19
Calculate the greatest common divisor of 552 and 70201336.
184
Calculate the highest common factor of 235277466 and 18.
6
Calculate the highest common divisor of 248 and 402880.
8
What is the highest common divisor of 57801 and 87?
3
What is the highest common divisor of 15795 and 12514905?
5265
Calculate the highest common divisor of 3936 and 32259784.
328
What is the highest common divisor of 1102486 and 3014?
22
Calculate the greatest common divisor of 107 and 176418711.
107
Calculate the highest common divisor of 5852 and 8279744.
836
What is the greatest common factor of 59187 and 132762?
327
Calculate the highest common divisor of 219160 and 22840.
40
Calculate the greatest common factor of 1850 and 202975.
25
Calculate the greatest common factor of 323 and 4693479.
17
What is the highest common divisor of 5085074 and 272?
34
What is the greatest common factor of 18599084 and 560?
28
Calculate the greatest common factor of 10478 and 13984100.
806
Calculate the highest common factor of 40 and 5519440.
40
Calculate the greatest common divisor of 20694254 and 546.
14
Calculate the greatest common factor of 401903535 and 110.
55
Calculate the greatest common factor of 13911547 and 26.
13
What is the greatest common divisor of 1024323 and 12?
3
What is the highest common divisor of 612 and 34750074?
102
Calculate th